ive of c(z). Determine k(3).
-2
Let g = 631 + -76. Let u(f) = -g*f + f**2 + 0 + 5 + 549*f. Calculate u(5).
0
Let k(n) = -10*n + 2 - 12*n**2 + 8*n**2 + 0*n**3 + 3*n**2 + 7*n + 2*n**3. Determine k(2).
8
Let s = 21 - 17. Let o be 6/s*(-28)/21. Let r(z) = -7*z**2 + 3*z + 3. What is r(o)?
-31
Let s(v) = -2*v**2 + 2*v + 5. Let h be s(4). Let o = h + 20. Let f(r) = 9*r + 4*r - 15*r - o. What is f(-3)?
5
Let t(q) = -2*q**3 - 3*q**2 + 2*q + 2. Let w(l) = -2*l**2 - 263*l + 531. Let g be w(2). Give t(g).
23
Let p(z) = -12*z**2 - 48*z**3 + 4*z + 49*z**3 - 127 - 32*z + 136. What is p(14)?
9
Suppose -14*h = -10*h - 16. Let l(w) = 2 - 2545*w + 1268*w - 2 - w**3 + 1276*w + 5*w**2. Determine l(h).
12
Let i(c) = -2*c**2 + 13*c + 10. Let d be i(7). Suppose -4 = -d*h - 4*y + 9, 4*y - 4 = 0. Let f(a) = 1 - 4*a**2 + h*a**2 + 91*a + 0 - 98*a. Determine f(-7).
1
Let l(b) = 65*b - 63. Let q(z) = 235*z + 7521. Let j be q(-32). Determine l(j).
2
Let b be 84/5 + 10 + (-147)/15. Suppose l + 15 = w, -5*w = 5*l - 3*w + 47. Let y = b + l. Let c(u) = -u. What is c(y)?
-6
Let p(g) = 241*g - 45. Let u(s) = 22*s - 1. Let a(k) = -2*p(k) + 22*u(k). What is a(-25)?
18
Suppose -165*g = -306*g + 5499. Let f(n) = 17*n - 662. Calculate f(g).
1
Let a(l) = 17*l**2 + 18*l - 73. Let b(s) = -19*s**2 - 22*s + 85. Let y(f) = 6*a(f) + 5*b(f). Determine y(-3).
56
Let u(g) be the second derivative of g**3/2 + 3*g**2/2 + 2*g - 91. Let n be 1/(-6) + (-210)/36. Determine u(n).
-15
Let q(p) be the first derivative of 11*p**3/3 - 5*p**2 + p + 8. Let a(n) = -3*n**2 + n + 1. Let k(b) = -4*a(b) - q(b). What is k(4)?
35
Suppose 4*h = h + 2*m - 2, 1 = -4*h + 3*m. Let q(d) be the second derivative of -d**5/20 - d**4/3 + d**3/6 + 2*d**2 - 67708*d. What is q(h)?
0
Let x(b) = 2593*b - 1378*b - 1188*b - 187. Calculate x(7).
2
Let v(y) = -y**3 - 7*y**2 + 78*y. Let r be v(6). Let m(d) = d**2 + 34. Calculate m(r).
34
Let z(k) be the first derivative of -5*k + 7/2*k**2 + 1/3*k**3 + 134. Give z(-6).
-11
Suppose 2606 = -5*v - 13*v + 2696. Let t(r) be the second derivative of r**5/20 - r**4/4 - 5*r**3/6 - 7*r**2/2 - 2*r. Calculate t(v).
18
Let g(s) = 26 + 121*s + 22 - 61*s + 4*s. Let x(z) = 3*z + 2. Let c(m) = -g(m) + 24*x(m). What is c(-1)?
-8
Let y(k) = -2323*k + 4594*k - 2*k**2 - 2240*k - 76. Give y(11).
23
Let b(p) = 4*p - 27. Let l = 2291 + -2269. Calculate b(l).
61
Let w(o) = -2*o + 3 - 1 - 1 + 2. Let f be w(3). Let r(k) be the second derivative of k**3/6 + 2*k**2 + 5*k - 40. Determine r(f).
1
Let o(k) be the first derivative of -1/2*k**2 + 4 - 1/3*k**3 - 1/2*k**4 - k. Suppose -b - 2*u = -7 + 6, 4*b + 2*u + 2 = 0. Calculate o(b).
1
Suppose -45 - 40 = -5*r. Suppose -z = 4*a - r, -3*z - 23 = -a - 7*z. Let d(g) = 27*g**a - 9*g**3 - 8*g**3 - 9*g**3 + 2. What is d(-2)?
-6
Let g be 8/1 + (0/(-6) - 6). Let b be 2/7 - (-48)/28. Let n(k) = 2 - b*k**2 + 1 - 1. Calculate n(g).
-6
Let l(r) be the second derivative of r**6/36 - r**5/120 - 49*r**4/6 - r + 28. Let g(n) be the third derivative of l(n). Calculate g(1).
19
Let q = -718 + 723. Let a(v) = 2*v - 17. Let m(z) = -3*z + 26. Let s(p) = q*m(p) + 7*a(p). Calculate s(11).
0
Let j(k) = k + 16. Let q = 2349 + -2359. Give j(q).
6
Let d(y) = -y + 12. Let r(v) = 1. Let c(s) = d(s) - 6*r(s). Let t be c(5). Let h(u) = 4*u + t - 3 - 29*u**2 + 30*u**2 + 1. Calculate h(-5).
4
Let i(j) = 6*j + 1. Let p(d) = 35*d - 14. Let r(c) = -6*i(c) + p(c). What is r(18)?
-38
Let z(u) = -24*u - 64. Suppose -207 + 197 = -i - 5*a, 3*i - 3*a = -24. Determine z(i).
56
Let r(y) = -8*y**2 - 4*y - 1. Let h = 71 + -65. Let n(u) = -7*u**2 - 4*u - 1. Let p(k) = h*r(k) - 7*n(k). Determine p(-3).
-2
Let w(c) = -c**2 - 26*c - 144. Let k be w(-19). Let q(b) = 2*b + 27. Let h(d) = -2*d - 27. Let t(u) = 4*h(u) + 3*q(u). Calculate t(k).
-5
Let o = -16009 - -15999. Let a(q) = 2*q**3 + 20*q**2 + q + 8. Give a(o).
-2
Let j(b) = 6*b + 2. Let z(c) = c**3 + 2*c - 1. Let v be z(1). Suppose 0*g - v*g = -k - 213, -k = -3. Let l be (27/(-21) - -1) + g/(-63). Give j(l).
-10
Let i(c) = -c**2 + 6*c - 11. Let t(v) = 136*v**2 - 269*v - 2. Let q be t(2). Give i(q).
-3
Let i(c) = -11 + 1521*c - c**2 + 37 - 1495*c + 10. Determine i(28).
-20
Let q = -3 + 14. Let s be (-12 + q)/(2/14). Let x(h) be the first derivative of -h**2/2 - 12*h + 3. Calculate x(s).
-5
Let h(d) = d**2 - 4*d + 2. Suppose 0 = 4*o + 8, 11*o - 496 = -3*x + 16*o. Suppose -39*i + 33 = -x. Determine h(i).
7
Let c(q) be the first derivative of -2*q**3/3 - 7*q**2/2 - 5*q + 45. Let g(t) = -t**2 - 10*t + 4. Let k be g(-10). Let p be 2/k*(-18 - -10). Give c(p).
-9
Let n(y) = 24 - 2*y**2 + 17 + 685*y - 636*y - 23. Calculate n(24).
42
Let q = 3 + 0. Suppose 0 = -3*b + i - 0 - 2, 2*b - 4*i + 8 = 0. Let s(j) = -1 + b*j**2 + 0 + 2*j**2 - 5*j + 3. What is s(q)?
5
Let g(d) be the second derivative of d**4/3 + 7*d**3/6 + 5*d**2/2 - 481*d. Calculate g(-4).
41
Suppose -5*x = -3*x - 6. Let b = -12245 - -12247. Let d(a) = -1324*a**2 - x*a**3 + 1326*a**b - a + 4*a**3. Calculate d(-3).
-6
Let r(o) be the first derivative of o**4/4 - 14*o**3/3 + o**2/2 - 13*o - 757. Give r(14).
1
Suppose 5*o = -0*o - 2*w + 45, -5 = w. Let j(p) = -o*p + 4 + 10*p + 10*p - 10*p. Calculate j(-17).
21
Let w(z) be the second derivative of z**4/6 + z**3 + 3*z**2/2 - z + 1789. Determine w(-7).
59
Let o(t) = -t**3 - 11*t**2 + 45*t - 4. Let n be o(-9). Let g = n + 572. Let d(w) = w**3 + 1. Calculate d(g).
2
Suppose 0*u + 2*u - 4 = 0. Let l be (3 + -2)/((-1)/(-3)). Suppose m = -l + u. Let j(b) = -9*b**3 + b. What is j(m)?
8
Let g = 106 - 108. Let q(s) = -11*s - 11. Let n(t) = 54*t + 57. Let j(b) = -4*n(b) - 21*q(b). Determine j(g).
-27
Suppose -10*f - 21 - 31 = -2. Let m(k) = 38*k + 171. Give m(f).
-19
Let n be -6*(15/6 - 4 - 0). Let m(s) be the second derivative of -s**3/2 - 70*s + 1. Calculate m(n).
-27
Let o be (6 + (-304)/48)*3. Let b(n) = 26*n**3 + 5*n**2 + 2*n - 1. Give b(o).
-24
Let y(k) = 739*k**2 - 744*k**2 - 6 - 7*k - 2 + 3 + k**3. Let d(o) = o**2 - 1. Let n(j) = -2*d(j) + y(j). Calculate n(8).
5
Let d(s) = -11*s + 5. Let z(v) = -9*v + 5. Let o(i) = -5*i**2 - 113*i + 41. Let j be o(-23). Let w(b) = j*d(b) + 6*z(b). Determine w(-12).
-7
Let v(t) = t**3 + 10*t**2 + t + 12. Let z(f) = 616 + 611 - 1237 + f**2 - 5*f. Suppose 12 = 6*r - 18. Let h be z(r). Determine v(h).
2
Let g(c) be the third derivative of c**6/120 + c**5/10 - c**4/4 + 1342*c**2 + 2*c. What is g(-6)?
36
Let o = -82 + 91. Suppose 2 = -2*b + 4*p, -o*b - 2 = -10*b + 5*p. Let l(w) = 7*w - 5. What is l(b)?
-26
Let x(s) = s**3 + 5*s**2 + 6*s - 7. Suppose 0 = 3*j + 4*u + 1624, 2*j - 15*u = -16*u - 1076. Let q = 531 + j. What is x(q)?
-37
Suppose -13*m + 4 = -14*m. Let y be 6*m/((-24)/94). Let z = y + -96. Let p(a) = a**3 + 2*a**2 + 1. What is p(z)?
1
Let t be 38*(-68)/32*-4. Suppose -325*r + t*r = -10. Let f(i) = 2*i**2 - 7*i + 6. Determine f(r).
21
Let j = -181 - -178. Let y be (7 - 6)*(j - -3). Let l(s) = -s + 9. Determine l(y).
9
Let d be (6/(-4))/(-1) + 216/16. Suppose -d*g - 8 = -19*g. Suppose 3*r + 5 = 5*a, 6*r - r - g = -2*a. Let w(s) = s**2 + 2*s - 1. Calculate w(a).
2
Let j(y) = -2*y**3 + 15*y**2 - 8*y + 10. Let r be j(7). Suppose 0 = -5*f - r*l - 52, 5*f - 4*f - l + 4 = 0. Let w(z) = z**3 + 7*z**2 - 9*z - 5. Determine w(f).
3
Let v(a) = -17*a - 143. Suppose 5*h - 3*f = -25, -18 = -h - f - 31. Give v(h).
-7
Let u = -565 - -563. Let g(a) = 38*a - 4. Let d(w) = -9*w + 1. Let v(j) = u*g(j) - 9*d(j). What is v(-3)?
-16
Let z(n) = 337*n - 676. Let k be z(2). Suppose -4*g - 6 = -7*g. Let y(s) = -4*s - g*s + 2*s - s. Calculate y(k).
10
Suppose 7*p - 1 - 41 = 0. Suppose -4*f + p = -18. Let i(j) be the first derivative of j**2 + j + 41. Calculate i(f).
13
Let j(c) = -315*c**2 - 2 - c + 316*c**2 - 4*c**3 + 5*c**3. Let q(h) = -2*h**3 + 8*h**2 + 13*h + 6. Let t(p) = -3*j(p) - q(p). Calculate t(-10).
0
Let s be (-2)/4*-2*2. Suppose -s*x - 4*h = -32, -5*x + 5*h = 2*h - 15. Let d(q) = 7 - 2*q**2 + 27*q - 58*q + q**2 + 37*q. Give d(x).
7
Let t(m) = -7*m**2 + 11*m - 67. Let k(p) = p**2 - 2*p + 3. Let o(l) = -8*k(l) - t(l). Give o(10).
-7
Let o(g) = 5*g - 2. Let m be 7 + (-111)/9 + (3/9)/1. What is o(m)?
-27
Let s(c) = -3*c - 5 - c**3 - 1954511*c**2 + 2 + 1954520*c**2. Determine s(9).
-30
Let b(f) = -f**2 - 37. Let q(o) = o**2 + 20*o - 100. Let x be 